{"id":59,"date":"2022-12-16T23:59:25","date_gmt":"2022-12-16T23:59:25","guid":{"rendered":"https:\/\/artcool-clima.ro\/wp\/?page_id=59"},"modified":"2022-12-28T16:06:11","modified_gmt":"2022-12-28T16:06:11","slug":"montaj-aer-conditionatbucuresti-si-ilfov","status":"publish","type":"page","link":"https:\/\/artcool-clima.ro\/?page_id=59","title":{"rendered":"Montaj aer condi\u021bionat"},"content":{"rendered":"\n<h1 class=\"wp-block-heading\">Detalii montaj:<\/h1>\n\n\n\n<p>V\u0103 putem ajuta cu o gam\u0103 variat\u0103 de servicii din domeniul climatiz\u0103rii: montaj aer condi\u021bionat, repara\u021bii aer condi\u021bionat, revizie aer condi\u021bionat, igienizare aer condi\u021bionat, montaj \u0219i repara\u021bii instala\u021bii termice \u0219i sanitare. V\u0103 putem oferta \u0219i mai multe modele de aparate de aer condi\u021bionat la pre\u021buri competitive.<\/p>\n\n\n\n<h3 class=\"wp-block-heading\">Montajul standard al unui aparat de aer condi\u021bionat tip split de perete include:<\/h3>\n\n\n\n<ul class=\"wp-block-list\">\n<li>Executarea unei singure g\u0103uri \u00een peretele exterior.<\/li>\n\n\n\n<li>Console prindere unitate exterioara <\/li>\n\n\n\n<li>Stecher<\/li>\n\n\n\n<li>Amplasarea unit\u0103\u021bii exterioare \u0219i unit\u0103\u021bii interioare \u00een limita traseului frigorific de 3 m.<\/li>\n\n\n\n<li>Matisarea traseului frigorific (\u00een limita de 3 ml de traseu).<\/li>\n\n\n\n<li>Efectuarea probei de func\u021bionare \u0219i explicarea principalelor facilit\u0103\u021bi ale acestuia.<\/li>\n\n\n\n<li>Instalarea \/ montajul se va face respect\u00e2nd legisla\u021bia \u00een domeniu (nu se vor perfora grinzi sau stalpi de beton \u0219i nu se executa lucr\u0103ri care pun \u00een pericol rezisten\u021ba cl\u0103dirii \u0219i siguran\u021ba membrilor echipei de instalare).<\/li>\n\n\n\n<li>Unitatea exterioar\u0103 se fixeaz\u0103 pe peretele exterior c\u00e2t mai aproape de unitatea interioar\u0103 \u0219i numai \u00eentr-un loc accesibil pentru montare \u0219i interven\u021bii (imediat sub fereastr\u0103, \u00een locuri \u00een care s\u0103 nu fie periclitat\u0103 integritatea instalatorului, s\u0103 nu existe pericol de accidentare).<\/li>\n\n\n\n<li>Montajele care necesit\u0103 folosirea schelelor, sc\u0103rilor, nacelelor sau a alpini\u0219tilor, nu sunt incluse \u00een instalarea \/ montajul standard.<\/li>\n\n\n\n<li>Deplasarea echipei de montaj este inclus\u0103 numai \u00een localit\u0103\u021bile Bucure\u0219ti, Pantelimon, Pope\u0219ti Leordeni, Bragadiru, Chiajna, Ro\u0219u, Dudu, Voluntari \u0219i \u0218tef\u0103ne\u0219tii de Jos. Pentru celelalte localit\u0103\u021bi din Ilfov se vor percepe costuri suplimentare pentru deplasare.<\/li>\n<\/ul>\n\n\n\n<h3 class=\"wp-block-heading\">Lucr\u0103rile, materialele \u0219i accesoriile suplimentare montajului standard, dac\u0103 se pot efectua, vor fi suportate de client dupa cum urmeaz\u0103:<\/h3>\n\n\n\n<ul class=\"wp-block-list\">\n<li>trecere suplimentar\u0103 prin beton &#8211; 115 lei\/buc<\/li>\n\n\n\n<li>trecere suplimentar\u0103 prin perete de zid\u0103rie &#8211; 58 lei\/buc<\/li>\n\n\n\n<li>traseu frigorific suplimentar peste cei 3 m inclu\u0219i \u00een kit (prelungire traseu prin sudur\u0103) &#8211; 150 lei\/ml<\/li>\n\n\n\n<li>mascarea traseului frigorific cu masc\u0103 PVC &#8211; 52 lei\/ml<\/li>\n\n\n\n<li>prelungirea cablului de alimentare cu energie electric\u0103 &#8211; 18 lei\/ml<\/li>\n\n\n\n<li>prelungirea furtunului de condens &#8211; 12 lei\/ml<\/li>\n\n\n\n<li>set \u0219uruburi + dibluri speciale cu lungimea de 20 cm pentru montajul pe suprafe\u021be termoizolate cu polistiren &#8211; 35 lei<\/li>\n\n\n\n<li>montarea unit\u0103\u021bilor exterioare cu ajutorul sc\u0103rilor la o \u00een\u0103ltime p\u00e2n\u0103 \u00een 3 m &#8211; 100 lei, \u00een\u0103l\u021bime p\u00e2n\u0103 \u00een 6 m &#8211; 230 lei<\/li>\n\n\n\n<li>demontarea aparatului de aer condi\u021bionat existent \u00een vederea instal\u0103rii echipamentului nou &#8211; 200 lei<\/li>\n\n\n\n<li>instal\u0103rile \/ montajele se pot efectua doar \u00een localit\u0103\u021bile unde exist\u0103 cale de acces rutier<\/li>\n<\/ul>\n\n\n\n<p>\u00cen cazul \u00een care la data programat\u0103 nu se poate realiza montajul din urm\u0103toarele cauze: cump\u0103r\u0103torul nu este la adresa comunicat\u0103 pentru montaj, nu sunt condi\u021bii pentru a se efectua montajul standard, cump\u0103r\u0103torul nu prezint\u0103 documentele originale de achizi\u021bie ale aparatului \u0219i \/ sau serviciului (dac\u0103 este cazul), costul deplas\u0103rii suplimentare, la o dat\u0103 ulterioar\u0103, va fi suportat de catre client \u0219i este \u00een valoare de 60 lei.<\/p>\n\n\n\n<p>Efectu\u0103m servicii de montaj aparate aer condi\u021bionat cu o capacitate \u00eentre 7000 BTU \u0219i 24000 BTU. Folosim pompa de vid \u0219i aspirator profesional pentru praf.<\/p>\n\n\n\n<h4 class=\"wp-block-heading\"><strong>Dispunem de o echipa de oameni profesionisti, cu multa experienta in spate, care va ofera servicii ireprosabile de montaj la cele mai bune preturi, astfel ca te poti bucura mai repede de produsul achizitionat. Avem pachete pentru serviciul de instalare diferite, pentru a putea alege ceea ce te avantajeaza. Indiferent de pachetul ales, beneficiezi de cele mai bune servicii, prestate de oameni profesionisti, care lucreaza curat, prompt si eficient.<\/strong><\/h4>\n\n\n\n<p>Instalarea se va face respectand legislatia in domeniu, astfel ca nu se vor perfora grinzi, stalpi de beton, lemn, sticla sau metal si nu se vor executa lucrari care pun in pericol rezistenta cladirii si siguranta membrilor echipei de instalare<\/p>\n\n\n\n<p>Unitatea exterioara se fixeaza pe peretele exterior cat mai aproape de unitatea interioara si numai intr-un loc accesibil pentru montare si interventii (imediat sub fereastra, in locuri in care sa nu fie periclitata integritatea instalatorului, sa nu existe pericol de accidentare)<\/p>\n\n\n\n<p>Clientul are obligatia de a asigura conditii de lucru corespunzatoare echipei de montaj.<\/p>\n\n\n\n<p>In cazul in care nu se poate efecutua strapungerea din cauza fierului beton , clientul poate contacta o firma&nbsp; ce ofera servicii pentru carotare<\/p>\n\n\n\n<p><strong>&nbsp;<\/strong><strong><u>Preturi pentru aparate aer conditionat tip split (de perete):<\/u><\/strong><\/p>\n\n\n\n<ul class=\"wp-block-list\">\n<li><a href=\"https:\/\/artcool-clima.ro\/?page_id=30\" data-type=\"URL\" data-id=\"https:\/\/artcool-clima.ro\/?page_id=30\">Aparate aer conditionat monosplit cu kit inclus \u00a0 7.000 \u2013 12.000 Btu\u00a0 \u2013 <strong>549 RON<\/strong><\/a><\/li>\n\n\n\n<li><a href=\"https:\/\/artcool-clima.ro\/?page_id=30\" data-type=\"URL\" data-id=\"https:\/\/artcool-clima.ro\/?page_id=30\">Aparate aer conditionat monosplit fara kit inclus\u00a0 \u00a0 7.000 \u2013 12.000 Btu\u00a0 <\/a>\u2013 <strong><a href=\"https:\/\/artcool-clima.ro\/?page_id=30\">699 RON<\/a><\/strong><\/li>\n\n\n\n<li><a href=\"https:\/\/artcool-clima.ro\/?page_id=30\" data-type=\"URL\" data-id=\"https:\/\/artcool-clima.ro\/?page_id=30\">Aparate aer conditionat monosplit cu kit inclus \u00a0 18.000-24.000 Btu\u00a0 \u00a0 \u00a0 \u00a0 \u00a0<\/a> \u00a0 \u2013\u00a0 \u00a0 \u00a0 \u00a0 \u00a0 \u00a0 \u00a0 \u00a0 \u00a0 \u00a0 \u00a0 \u00a0 <strong><a href=\"https:\/\/artcool-clima.ro\/?page_id=30\" data-type=\"URL\" data-id=\"https:\/\/artcool-clima.ro\/?page_id=30\">849 RON<\/a><\/strong><\/li>\n<\/ul>\n\n\n\n<p><strong>In montaj NU sunt incluse urmatoarele lucrari speciale:<\/strong><\/p>\n\n\n\n<ul class=\"wp-block-list\">\n<li>manopera si materialele aferente reparatiilor de zidarie (tencuieli, vopseluri, tapete etc.)<\/li>\n\n\n\n<li>lucrari de modificare si reparare a instalatiei electrice a imobilului<\/li>\n\n\n\n<li>operatii de modificare a pozitiei unor obiecte ce restrictioneaza montajul (ex. mobila)<\/li>\n\n\n\n<li>repozitionarea ulterioara a aparatului dupa montaj<\/li>\n\n\n\n<li>lucrari de curatenie ca urmare a producerii de praf<\/li>\n\n\n\n<li>lucrari de mascare a traseului frigorific (cu rigips, canale speciale etc.)<\/li>\n\n\n\n<li>demontare geamuri termopane etc.<\/li>\n<\/ul>\n","protected":false},"excerpt":{"rendered":"<p>Detalii montaj: V\u0103 putem ajuta cu o gam\u0103 variat\u0103 de servicii din domeniul climatiz\u0103rii: montaj aer condi\u021bionat, repara\u021bii aer condi\u021bionat, revizie aer condi\u021bionat, igienizare aer condi\u021bionat, montaj \u0219i repara\u021bii instala\u021bii &#8230;<\/p>\n","protected":false},"author":1,"featured_media":43,"parent":47,"menu_order":1,"comment_status":"closed","ping_status":"closed","template":"","meta":{"footnotes":""},"class_list":["post-59","page","type-page","status-publish","has-post-thumbnail","hentry"],"_links":{"self":[{"href":"https:\/\/artcool-clima.ro\/index.php?rest_route=\/wp\/v2\/pages\/59","targetHints":{"allow":["GET"]}}],"collection":[{"href":"https:\/\/artcool-clima.ro\/index.php?rest_route=\/wp\/v2\/pages"}],"about":[{"href":"https:\/\/artcool-clima.ro\/index.php?rest_route=\/wp\/v2\/types\/page"}],"author":[{"embeddable":true,"href":"https:\/\/artcool-clima.ro\/index.php?rest_route=\/wp\/v2\/users\/1"}],"replies":[{"embeddable":true,"href":"https:\/\/artcool-clima.ro\/index.php?rest_route=%2Fwp%2Fv2%2Fcomments&post=59"}],"version-history":[{"count":10,"href":"https:\/\/artcool-clima.ro\/index.php?rest_route=\/wp\/v2\/pages\/59\/revisions"}],"predecessor-version":[{"id":255,"href":"https:\/\/artcool-clima.ro\/index.php?rest_route=\/wp\/v2\/pages\/59\/revisions\/255"}],"up":[{"embeddable":true,"href":"https:\/\/artcool-clima.ro\/index.php?rest_route=\/wp\/v2\/pages\/47"}],"wp:featuredmedia":[{"embeddable":true,"href":"https:\/\/artcool-clima.ro\/index.php?rest_route=\/wp\/v2\/media\/43"}],"wp:attachment":[{"href":"https:\/\/artcool-clima.ro\/index.php?rest_route=%2Fwp%2Fv2%2Fmedia&parent=59"}],"curies":[{"name":"wp","href":"https:\/\/api.w.org\/{rel}","templated":true}]}}